{"id":10224,"date":"2014-06-24T18:00:27","date_gmt":"2014-06-24T18:00:27","guid":{"rendered":"https:\/\/skaftfell.is\/exhibition\/concert-with-prins-polo-solo\/"},"modified":"2025-12-10T10:33:54","modified_gmt":"2025-12-10T10:33:54","slug":"concert-with-prins-polo-solo","status":"publish","type":"exhibition","link":"https:\/\/skaftfell.is\/is\/exhibition\/concert-with-prins-polo-solo\/","title":{"rendered":"Concert with Prins P\u00f3l\u00f3 &#8211; s\u00f3l\u00f3"},"content":{"rendered":"<p><img decoding=\"async\" class=\"alignnone size-large wp-image-9297 lazyload\" data-src=\"https:\/\/archive.skaftfell.is\/en\/wp-content\/uploads\/2014\/06\/20140820_prinspolo_72-500x503.jpg\" alt=\"PrinsPolo_72\" width=\"500\" height=\"503\" src=\"data:image\/svg+xml;base64,PHN2ZyB3aWR0aD0iMSIgaGVpZ2h0PSIxIiB4bWxucz0iaHR0cDovL3d3dy53My5vcmcvMjAwMC9zdmciPjwvc3ZnPg==\" style=\"--smush-placeholder-width: 500px; --smush-placeholder-aspect-ratio: 500\/503;\" \/><\/p>\n<p><strong>The concert will be held at &#8222;Heima&#8220;, Austurvegur 15, and starts at 15.00.<\/strong><\/p>\n<p style=\"color: #606060;\"><span style=\"color: #000000;\">The musician\u00c2\u00a0<a style=\"color: #808080;\" href=\"https:\/\/www.prinspolo.com\/\" target=\"_blank\" rel=\"noopener noreferrer\"><span style=\"color: #000000;\">Prins P\u00c3\u00b3l\u00c3\u00b3<\/span><\/a>\u00c2\u00a0will this coming Saturday perform\u00c2\u00a0a solo concert in Sey\u00c3\u00b0isfj\u00c3\u00b6r\u00c3\u00b0ur. This is the last event in connection with the ongoing\u00c2\u00a0exhibition at Skaftfell\u00c2\u00a0<a style=\"color: #606060;\" href=\"https:\/\/archive.skaftfell.is\/en\/2014\/05\/ro-ro\/\"><span style=\"color: #000000;\">R\u00c3\u0093 R\u00c3\u0093<\/span><\/a>\u00c2\u00a0that runs though September.<\/span><\/p>\n<p>The two person band\u00c2\u00a0<a style=\"color: #606060;\" href=\"https:\/\/www.skakkapopp.is\/lettabarunni.html\" target=\"_blank\" rel=\"noopener noreferrer\"><span style=\"color: #000000;\">L\u00c3\u00a9tt \u00c3\u00a1 b\u00c3\u00a1runni<\/span><\/a>\u00c2\u00a0originally was scheduled to perform but sadly they had to cancel. The Prins will take their place and perhaps\u00c2\u00a0play a few song from the glory days of the band L\u00c3\u00a9tt \u00c3\u00a1 b\u00c3\u00a1runni.<\/p>\n<p>Both bands were formed in Sey\u00c3\u00b0isfj\u00c3\u00b6r\u00c3\u00b0ur in the winter of 2009 when the members, Svavar P\u00c3\u00a9tur Eysteinsson and Berglind H\u00c3\u00a4sler, resided in the fjord.\u00c2\u00a0L\u00c3\u00a9tt \u00c3\u00a1 b\u00c3\u00a1runni was a collaboration between the two but\u00c2\u00a0Prins P\u00c3\u00b3l\u00c3\u00b3 was the solo project of Svavar and\u00c2\u00a0soon developed to a full band.<\/p>\n<p>L\u00c3\u00a9tt \u00c3\u00a1 b\u00c3\u00a1runni published one album, \u00c2\u0093Sexy\u00c2\u0094 in 2009, and a painting by local na\u00c3\u00afve artist \u00c3\u0081sgeir J\u00c3\u00b3n Emilsson is on the cover.\u00c2\u00a0The debut\u00c2\u00a0album\u00c2\u00a0by\u00c2\u00a0Prins P\u00c3\u00b3l\u00c3\u00b3 was \u00c2\u0093Einn heima\u00c2\u0094, e. Home alone, then shortly followed by the release\u00c2\u00a0of \u00c2\u0093<a href=\"https:\/\/www.prinspolo.com\/jukk.html\" target=\"_blank\" rel=\"noopener noreferrer\">Jukk<\/a>\u00c2\u0094 in 2010. On the\u00c2\u00a0second album the wonderful song\u00c2\u00a0\u00c2\u0094Skaftfell Special\u00c2\u0094 can be heard and is an homage to a pizza on the Skaftfell Bistro menu. Also the song \u00c2\u0093Ni\u00c3\u00b0r\u00c3\u00a1 str\u00c3\u00b6nd\u00c2\u0094, e. \u00c2\u0093At the beach\u00c2\u0094, that became the summer hit in Iceland in 2011.\u00c2\u00a0Their newest album &#8222;Sorr\u00c3\u00ad&#8220; was released this year.<\/p>\n<p style=\"color: #606060;\"><span style=\"color: #000000;\">The bands webpage:\u00c2\u00a0<a href=\"https:\/\/www.prinspolo.com\" target=\"_blank\" rel=\"noopener noreferrer\"><span style=\"color: #000000;\">https:\/\/www.prinspolo.com<\/span><\/a><\/span><\/p>\n<p><span style=\"color: #000000;\">Prior to the concert the current artists in the <a href=\"https:\/\/www.h-e-i-m-a.com\" target=\"_blank\" rel=\"noopener noreferrer\"><span style=\"color: #000000;\">Heima collective<\/span><\/a> will open a exhibition of the project they have been developing for the past weeks. The opening is at 14.00.<\/span><\/p>\n<p><img decoding=\"async\" class=\"alignnone size-medium wp-image-9037 lazyload\" data-src=\"https:\/\/archive.skaftfell.is\/en\/wp-content\/uploads\/2014\/06\/20140624_sexi_lettabarunni-300x298.jpg\" alt=\"Sexi_lettabarunni\" width=\"300\" height=\"298\" src=\"data:image\/svg+xml;base64,PHN2ZyB3aWR0aD0iMSIgaGVpZ2h0PSIxIiB4bWxucz0iaHR0cDovL3d3dy53My5vcmcvMjAwMC9zdmciPjwvc3ZnPg==\" style=\"--smush-placeholder-width: 300px; --smush-placeholder-aspect-ratio: 300\/298;\" \/><\/p>\n<p>A part of the Summer exhibition <a href=\"https:\/\/archive.skaftfell.is\/en\/2014\/05\/ro-ro\/\" target=\"_blank\" rel=\"noopener noreferrer\">R\u00c3\u0093 R\u00c3\u0093<\/a>.<\/p>\n","protected":false},"featured_media":13695,"template":"","meta":{"_acf_changed":false,"wds_primary_exhibition_status":0,"wds_primary_location":0,"footnotes":""},"exhibition_status":[140],"location":[],"class_list":["post-10224","exhibition","type-exhibition","status-publish","has-post-thumbnail","hentry","exhibition_status-past-exhibitions"],"acf":[],"_links":{"self":[{"href":"https:\/\/skaftfell.is\/is\/wp-json\/wp\/v2\/exhibition\/10224","targetHints":{"allow":["GET"]}}],"collection":[{"href":"https:\/\/skaftfell.is\/is\/wp-json\/wp\/v2\/exhibition"}],"about":[{"href":"https:\/\/skaftfell.is\/is\/wp-json\/wp\/v2\/types\/exhibition"}],"version-history":[{"count":0,"href":"https:\/\/skaftfell.is\/is\/wp-json\/wp\/v2\/exhibition\/10224\/revisions"}],"wp:featuredmedia":[{"embeddable":true,"href":"https:\/\/skaftfell.is\/is\/wp-json\/wp\/v2\/media\/13695"}],"wp:attachment":[{"href":"https:\/\/skaftfell.is\/is\/wp-json\/wp\/v2\/media?parent=10224"}],"wp:term":[{"taxonomy":"exhibition_status","embeddable":true,"href":"https:\/\/skaftfell.is\/is\/wp-json\/wp\/v2\/exhibition_status?post=10224"},{"taxonomy":"location","embeddable":true,"href":"https:\/\/skaftfell.is\/is\/wp-json\/wp\/v2\/location?post=10224"}],"curies":[{"name":"wp","href":"https:\/\/api.w.org\/{rel}","templated":true}]}}

Concert with Prins Póló &#8211; sóló

<p><img decoding="async" class="alignnone size-large wp-image-9297 lazyload" data-src="https://archive.skaftfell.is/en/wp-content/uploads/2014/06/20140820_prinspolo_72-500x503.jpg" alt="PrinsPolo_72" width="500" height="503" src="data:image/svg+xml;base64,PHN2ZyB3aWR0aD0iMSIgaGVpZ2h0PSIxIiB4bWxucz0iaHR0cDovL3d3dy53My5vcmcvMjAwMC9zdmciPjwvc3ZnPg==" style="--smush-placeholder-width: 500px; --smush-placeholder-aspect-ratio: 500/503;" /></p>
<p><strong>The concert will be held at &#8222;Heima&#8220;, Austurvegur 15, and starts at 15.00.</strong></p>
<p style="color: #606060;"><span style="color: #000000;">The musicianÂ <a style="color: #808080;" href="https://www.prinspolo.com/" target="_blank" rel="noopener noreferrer"><span style="color: #000000;">Prins PÃ³lÃ³</span></a>Â will this coming Saturday performÂ a solo concert in SeyÃ°isfjÃ¶rÃ°ur. This is the last event in connection with the ongoingÂ exhibition at SkaftfellÂ <a style="color: #606060;" href="https://archive.skaftfell.is/en/2014/05/ro-ro/"><span style="color: #000000;">RÃ RÃ</span></a>Â that runs though September.</span></p>
<p>The two person bandÂ <a style="color: #606060;" href="https://www.skakkapopp.is/lettabarunni.html" target="_blank" rel="noopener noreferrer"><span style="color: #000000;">LÃ©tt Ã¡ bÃ¡runni</span></a>Â originally was scheduled to perform but sadly they had to cancel. The Prins will take their place and perhapsÂ play a few song from the glory days of the band LÃ©tt Ã¡ bÃ¡runni.</p>
<p>Both bands were formed in SeyÃ°isfjÃ¶rÃ°ur in the winter of 2009 when the members, Svavar PÃ©tur Eysteinsson and Berglind HÃ¤sler, resided in the fjord.Â LÃ©tt Ã¡ bÃ¡runni was a collaboration between the two butÂ Prins PÃ³lÃ³ was the solo project of Svavar andÂ soon developed to a full band.</p>
<p>LÃ©tt Ã¡ bÃ¡runni published one album, ÂSexyÂ in 2009, and a painting by local naÃ¯ve artist Ãsgeir JÃ³n Emilsson is on the cover.Â The debutÂ albumÂ byÂ Prins PÃ³lÃ³ was ÂEinn heimaÂ, e. Home alone, then shortly followed by the releaseÂ of Â<a href="https://www.prinspolo.com/jukk.html" target="_blank" rel="noopener noreferrer">Jukk</a>Â in 2010. On theÂ second album the wonderful songÂ ÂSkaftfell SpecialÂ can be heard and is an homage to a pizza on the Skaftfell Bistro menu. Also the song ÂNiÃ°rÃ¡ strÃ¶ndÂ, e. ÂAt the beachÂ, that became the summer hit in Iceland in 2011.Â Their newest album &#8222;SorrÃ­&#8220; was released this year.</p>
<p style="color: #606060;"><span style="color: #000000;">The bands webpage:Â <a href="https://www.prinspolo.com" target="_blank" rel="noopener noreferrer"><span style="color: #000000;">https://www.prinspolo.com</span></a></span></p>
<p><span style="color: #000000;">Prior to the concert the current artists in the <a href="https://www.h-e-i-m-a.com" target="_blank" rel="noopener noreferrer"><span style="color: #000000;">Heima collective</span></a> will open a exhibition of the project they have been developing for the past weeks. The opening is at 14.00.</span></p>
<p><img decoding="async" class="alignnone size-medium wp-image-9037 lazyload" data-src="https://archive.skaftfell.is/en/wp-content/uploads/2014/06/20140624_sexi_lettabarunni-300x298.jpg" alt="Sexi_lettabarunni" width="300" height="298" src="data:image/svg+xml;base64,PHN2ZyB3aWR0aD0iMSIgaGVpZ2h0PSIxIiB4bWxucz0iaHR0cDovL3d3dy53My5vcmcvMjAwMC9zdmciPjwvc3ZnPg==" style="--smush-placeholder-width: 300px; --smush-placeholder-aspect-ratio: 300/298;" /></p>
<p>A part of the Summer exhibition <a href="https://archive.skaftfell.is/en/2014/05/ro-ro/" target="_blank" rel="noopener noreferrer">RÃ RÃ</a>.</p>
