{"id":10628,"date":"2016-03-01T09:53:36","date_gmt":"2016-03-01T09:53:36","guid":{"rendered":"https:\/\/skaftfell.is\/exhibition\/photographs-from-the-opening-of-frontiers-of-solitude-in-prague\/"},"modified":"2025-12-08T11:58:42","modified_gmt":"2025-12-08T11:58:42","slug":"photographs-from-the-opening-of-frontiers-of-solitude-in-prague","status":"publish","type":"exhibition","link":"https:\/\/skaftfell.is\/is\/exhibition\/photographs-from-the-opening-of-frontiers-of-solitude-in-prague\/","title":{"rendered":"Photographs from the opening of Frontiers of Solitude in Prague"},"content":{"rendered":"<p>The final chapter of the Czech, Icelandic and Norwegian collaboration project <em>Frontiers of Solitude<\/em> took place Feb 4.- 6. in Prague,Czech Rebublic when an exhibition opened with 19 artists and seminar that offered comparison of opinions, experiences, and points of view of artists, curators, and other invited guests on the themes of the Anthropocene, landscape and art.<\/p>\n<p>Frontiers of Solitude focuses on current transformations of the landscape and the close connections between our post-industrial civilization and nature, and fosters collaboration and an exchange of experiences between individual artists, researchers and initiatives across Europe.<\/p>\n<p>Artists: <a href=\"https:\/\/frontiers-of-solitude.org\/finnur-arnar-arnason\" rel=\"nofollow\">\u00a0Finnur Arnar Arnarson<\/a>\u00a0(IS),<a href=\"https:\/\/frontiers-of-solitude.org\/karlotta-j-blondal\" rel=\"nofollow\">\u00a0Karlotta Bl\u00f6ndal<\/a>\u00a0(IS),<a href=\"https:\/\/frontiers-of-solitude.org\/gunhild-enger\" rel=\"nofollow\">\u00a0Gunhild Enger<\/a>\u00a0(NO),<a href=\"https:\/\/frontiers-of-solitude.org\/thorunn-eymundardottir\" rel=\"nofollow\">\u00a0\u00de\u00f3runn Eymundard\u00f3ttir<\/a>\u00a0(IS),<a href=\"https:\/\/frontiers-of-solitude.org\/monika-frycova\" rel=\"nofollow\">\u00a0Monika Fry\u010dov<\/a>\u00a0(CZ\/IS),<a href=\"https:\/\/frontiers-of-solitude.org\/tommy-hovik\" rel=\"nofollow\">\u00a0Tommy Hvik<\/a>\u00a0(NO),<a href=\"https:\/\/frontiers-of-solitude.org\/elvar-mar-kjartansson\" rel=\"nofollow\">\u00a0Elvar M\u00e1r Kjartansson<\/a>\u00a0(IS),<a href=\"https:\/\/frontiers-of-solitude.org\/alena-kotzmannova\" rel=\"nofollow\">\u00a0Alena Kotzmannov<\/a>\u00a0(CZ),\u00a0<a href=\"https:\/\/frontiers-of-solitude.org\/iselin-linstad-hauge\" rel=\"nofollow\">Iselin Lindstad Hauge<\/a>\u00a0(NO),<a href=\"https:\/\/frontiers-of-solitude.org\/julia-martin\" rel=\"nofollow\">\u00a0Julia Martin<\/a>\u00a0(DE\/IS),\u00a0<a href=\"https:\/\/frontiers-of-solitude.org\/vladimir-merta\" rel=\"nofollow\">Vladimr Merta<\/a>\u00a0(CZ),<a href=\"https:\/\/frontiers-of-solitude.org\/pavel-mrkus\" rel=\"nofollow\">\u00a0Pavel Mrkus<\/a>\u00a0(CZ),<a href=\"https:\/\/frontiers-of-solitude.org\/greg-pope\" rel=\"nofollow\">\u00a0Greg Pope<\/a>\u00a0(NO),<a href=\"https:\/\/frontiers-of-solitude.org\/kristin-runarsdottir\" rel=\"nofollow\">\u00a0Krist\u00edn R\u00fanarsd\u00f3ttir<\/a>\u00a0(IS),<a href=\"https:\/\/frontiers-of-solitude.org\/ivar-smedstad\" rel=\"nofollow\">\u00a0Ivar Smedstad<\/a>\u00a0(NO), <a href=\"https:\/\/frontiers-of-solitude.org\/vladimir-turner\">Vladimir Turner<\/a> (CZ),<a href=\"https:\/\/frontiers-of-solitude.org\/robert-vlasak\" rel=\"nofollow\">\u00a0Robert Vlask<\/a>\u00a0(CZ),<a href=\"https:\/\/frontiers-of-solitude.org\/diana-winklerova\" rel=\"nofollow\">\u00a0Diana Winklerov<\/a>\u00a0(CZ),<a href=\"https:\/\/frontiers-of-solitude.org\/martin-zet\" rel=\"nofollow\">\u00a0Martin Zet<\/a>\u00a0(CZ)<\/p>\n<p>\u00a0<\/p>\n\n<p>Photographs: Dominik \u017di\u017eka<\/p>\n<p>Both the exhibition and the symposium are part of the Frontiers of Solitude project, which is supported by a grant from Iceland, Liechtenstein and Norway through the EEA Grants (Program CZ06 <a href=\"https:\/\/eeagrants.org\/programme\/view\/CZ06\/PA17\" target=\"_blank\" rel=\"noopener\">Cultural Heritage and Contemporary Arts<\/a>). The project is a joint initiative of the <a href=\"https:\/\/skolska28.cz\/\" target=\"_blank\" rel=\"noopener\">Skolska 28 Gallery<\/a> (Deai\/setkn),<a href=\"https:\/\/ateliernord.no\/en\/\" target=\"_blank\" rel=\"noopener\">Atelier Nord<\/a> and Skaftfell Center for Visual Arts.<\/p>\n<p><img decoding=\"async\" class=\"size-full wp-image-9140 alignleft lazyload\" data-src=\"https:\/\/skaftfell.is\/wp-content\/smush-webp\/2025\/08\/20150804_fos_logos.png.webp\" alt=\"20150804_fos_logos\" width=\"400\" height=\"103\" src=\"data:image\/svg+xml;base64,PHN2ZyB3aWR0aD0iMSIgaGVpZ2h0PSIxIiB4bWxucz0iaHR0cDovL3d3dy53My5vcmcvMjAwMC9zdmciPjwvc3ZnPg==\" style=\"--smush-placeholder-width: 400px; --smush-placeholder-aspect-ratio: 400\/103;\" \/><\/p>\n<p>\u00a0<\/p>\n<p>\u00a0<\/p>\n<p>\u00a0<\/p>\n<p>More information:\u00a0<a href=\"https:\/\/frontiers-of-solitude.org\/\" target=\"_blank\" rel=\"noopener\">https:\/\/frontiers-of-solitude.org\/<\/a> and <a href=\"https:\/\/skolska28.cz\/\" target=\"_blank\" rel=\"noopener\">https:\/\/skolska28.cz\/<\/a><\/p>\n","protected":false},"featured_media":13668,"template":"","meta":{"_acf_changed":false,"wds_primary_exhibition_status":0,"wds_primary_location":0,"footnotes":""},"exhibition_status":[140],"location":[],"class_list":["post-10628","exhibition","type-exhibition","status-publish","has-post-thumbnail","hentry","exhibition_status-past-exhibitions"],"acf":[],"_links":{"self":[{"href":"https:\/\/skaftfell.is\/is\/wp-json\/wp\/v2\/exhibition\/10628","targetHints":{"allow":["GET"]}}],"collection":[{"href":"https:\/\/skaftfell.is\/is\/wp-json\/wp\/v2\/exhibition"}],"about":[{"href":"https:\/\/skaftfell.is\/is\/wp-json\/wp\/v2\/types\/exhibition"}],"version-history":[{"count":0,"href":"https:\/\/skaftfell.is\/is\/wp-json\/wp\/v2\/exhibition\/10628\/revisions"}],"wp:featuredmedia":[{"embeddable":true,"href":"https:\/\/skaftfell.is\/is\/wp-json\/wp\/v2\/media\/13668"}],"wp:attachment":[{"href":"https:\/\/skaftfell.is\/is\/wp-json\/wp\/v2\/media?parent=10628"}],"wp:term":[{"taxonomy":"exhibition_status","embeddable":true,"href":"https:\/\/skaftfell.is\/is\/wp-json\/wp\/v2\/exhibition_status?post=10628"},{"taxonomy":"location","embeddable":true,"href":"https:\/\/skaftfell.is\/is\/wp-json\/wp\/v2\/location?post=10628"}],"curies":[{"name":"wp","href":"https:\/\/api.w.org\/{rel}","templated":true}]}}

<p>The final chapter of the Czech, Icelandic and Norwegian collaboration project <em>Frontiers of Solitude</em> took place Feb 4.- 6. in Prague,Czech Rebublic when an exhibition opened with 19 artists and seminar that offered comparison of opinions, experiences, and points of view of artists, curators, and other invited guests on the themes of the Anthropocene, landscape and art.</p>
<p>Frontiers of Solitude focuses on current transformations of the landscape and the close connections between our post-industrial civilization and nature, and fosters collaboration and an exchange of experiences between individual artists, researchers and initiatives across Europe.</p>
<p>Artists: <a href="https://frontiers-of-solitude.org/finnur-arnar-arnason" rel="nofollow"> Finnur Arnar Arnarson</a> (IS),<a href="https://frontiers-of-solitude.org/karlotta-j-blondal" rel="nofollow"> Karlotta Blöndal</a> (IS),<a href="https://frontiers-of-solitude.org/gunhild-enger" rel="nofollow"> Gunhild Enger</a> (NO),<a href="https://frontiers-of-solitude.org/thorunn-eymundardottir" rel="nofollow"> Þórunn Eymundardóttir</a> (IS),<a href="https://frontiers-of-solitude.org/monika-frycova" rel="nofollow"> Monika Fryčov</a> (CZ/IS),<a href="https://frontiers-of-solitude.org/tommy-hovik" rel="nofollow"> Tommy Hvik</a> (NO),<a href="https://frontiers-of-solitude.org/elvar-mar-kjartansson" rel="nofollow"> Elvar Már Kjartansson</a> (IS),<a href="https://frontiers-of-solitude.org/alena-kotzmannova" rel="nofollow"> Alena Kotzmannov</a> (CZ), <a href="https://frontiers-of-solitude.org/iselin-linstad-hauge" rel="nofollow">Iselin Lindstad Hauge</a> (NO),<a href="https://frontiers-of-solitude.org/julia-martin" rel="nofollow"> Julia Martin</a> (DE/IS), <a href="https://frontiers-of-solitude.org/vladimir-merta" rel="nofollow">Vladimr Merta</a> (CZ),<a href="https://frontiers-of-solitude.org/pavel-mrkus" rel="nofollow"> Pavel Mrkus</a> (CZ),<a href="https://frontiers-of-solitude.org/greg-pope" rel="nofollow"> Greg Pope</a> (NO),<a href="https://frontiers-of-solitude.org/kristin-runarsdottir" rel="nofollow"> Kristín Rúnarsdóttir</a> (IS),<a href="https://frontiers-of-solitude.org/ivar-smedstad" rel="nofollow"> Ivar Smedstad</a> (NO), <a href="https://frontiers-of-solitude.org/vladimir-turner">Vladimir Turner</a> (CZ),<a href="https://frontiers-of-solitude.org/robert-vlasak" rel="nofollow"> Robert Vlask</a> (CZ),<a href="https://frontiers-of-solitude.org/diana-winklerova" rel="nofollow"> Diana Winklerov</a> (CZ),<a href="https://frontiers-of-solitude.org/martin-zet" rel="nofollow"> Martin Zet</a> (CZ)</p>
<p> </p>

<p>Photographs: Dominik Žižka</p>
<p>Both the exhibition and the symposium are part of the Frontiers of Solitude project, which is supported by a grant from Iceland, Liechtenstein and Norway through the EEA Grants (Program CZ06 <a href="https://eeagrants.org/programme/view/CZ06/PA17" target="_blank" rel="noopener">Cultural Heritage and Contemporary Arts</a>). The project is a joint initiative of the <a href="https://skolska28.cz/" target="_blank" rel="noopener">Skolska 28 Gallery</a> (Deai/setkn),<a href="https://ateliernord.no/en/" target="_blank" rel="noopener">Atelier Nord</a> and Skaftfell Center for Visual Arts.</p>
<p><img decoding="async" class="size-full wp-image-9140 alignleft lazyload" data-src="https://skaftfell.is/wp-content/smush-webp/2025/08/20150804_fos_logos.png.webp" alt="20150804_fos_logos" width="400" height="103" src="data:image/svg+xml;base64,PHN2ZyB3aWR0aD0iMSIgaGVpZ2h0PSIxIiB4bWxucz0iaHR0cDovL3d3dy53My5vcmcvMjAwMC9zdmciPjwvc3ZnPg==" style="--smush-placeholder-width: 400px; --smush-placeholder-aspect-ratio: 400/103;" /></p>
<p> </p>
<p> </p>
<p> </p>
<p>More information: <a href="https://frontiers-of-solitude.org/" target="_blank" rel="noopener">https://frontiers-of-solitude.org/</a> and <a href="https://skolska28.cz/" target="_blank" rel="noopener">https://skolska28.cz/</a></p>
