{"id":10916,"date":"2019-06-01T10:10:37","date_gmt":"2019-06-01T10:10:37","guid":{"rendered":"https:\/\/skaftfell.is\/exhibition\/dieter-roth-husin-a-seydisfirdi-vetur-1988-sumar-1995\/"},"modified":"2025-10-15T11:54:27","modified_gmt":"2025-10-15T11:54:27","slug":"dieter-roth-husin-a-seydisfirdi-vetur-1988-sumar-1995","status":"publish","type":"exhibition","link":"https:\/\/skaftfell.is\/is\/exhibition\/dieter-roth-husin-a-seydisfirdi-vetur-1988-sumar-1995\/","title":{"rendered":"Dieter Roth,  H\u00fasin \u00e1 Sey\u00f0isfir\u00f0i, vetur 1988 &#8211; sumar 1995"},"content":{"rendered":"\n<p class=\"wp-block-paragraph\">Opening 17 June, 17:00-19:00. Angr\u00f3, Hafnargata, Sey\u00f0isf\u00f6r\u00f0ur<br \/>18.06 &#8211; 01.09. 2019<br \/>Exhibition open Friday &#8211; Sunday 12:00-18:00<\/p>\n\n\n\n<p class=\"wp-block-paragraph\">Skaftfell with <a href=\"https:\/\/www.tekmus.is\/\" target=\"_blank\" rel=\"noreferrer noopener\" aria-label=\"T\u00e6kniminjasafns Austurlands (opens in a new tab)\">T\u00e6kniminjasafns Austurlands<\/a> and the Dieter Roth Estate will collaborate to re-stage the installation <em>H\u00fasin \u00e1 Sey\u00f0isfir\u00f0i, vetur 1988 &#8211; sumar 1995<\/em> at Angr\u00f3, Sey\u00f0isfj\u00f6r\u00f0ur, the building where the work was first shown in 1995. Dieter Roth has an extensive history with Sey\u00f0isfj\u00f6r\u00f0ur having lived and made work in town for a number of years during the 1990s and his family retains his form home and studio in town.<\/p>\n\n\n\n\n\n<p class=\"wp-block-paragraph\">The installation consists of over 800 slides of photographs of every house and building in Sey\u00f0isfj\u00f6r\u00f0ur, taken at two periods: in the winter of 1988 and then in the summer of 1995. The work was realised by Dieter Roth with assistance from Bj\u00f6rn Roth and Eggart Einarsson. The work is shown on six slide projectors mounted on individual small tables and projected onto the wall.<\/p>\n\n\n\n<p class=\"wp-block-paragraph\">This significant work of Sey\u00f0isfj\u00f6r\u00f0ur\u00b4s cultural history forms a portrait of the town over time, and shows it in a democratized manner whereby every building, regardless of its function or importance, is presented in exactly the same manner. Dieter Roth first showed the work at Angr\u00f3, and it has subsequently been shown in various galleries and museums around the world, and as part of an exhibition which was formative in the establishment of Skaftfell. Following that exhibition Dieter gifted an edition of the work to the town which has been in the care of T\u00e6kniminjasafn Austurland.<\/p>\n\n\n\n<p class=\"wp-block-paragraph\">We are grateful for the support of The Dieter Roth Estate in realising this project.<\/p>\n<p>\u00a0<\/p>\n\n\n\n<figure class=\"wp-block-image is-resized\">\u00a0 \u00a0 \u00a0 \u00a0 <img decoding=\"async\" class=\"wp-image-16877 alignleft lazyload\" data-src=\"https:\/\/skaftfell.is\/wp-content\/smush-webp\/2025\/08\/logo_magenta_en.jpg.webp\" alt=\"\" width=\"224\" height=\"64\" src=\"data:image\/svg+xml;base64,PHN2ZyB3aWR0aD0iMSIgaGVpZ2h0PSIxIiB4bWxucz0iaHR0cDovL3d3dy53My5vcmcvMjAwMC9zdmciPjwvc3ZnPg==\" style=\"--smush-placeholder-width: 224px; --smush-placeholder-aspect-ratio: 224\/64;\" \/><img decoding=\"async\" class=\"wp-image-16867 alignleft lazyload\" data-src=\"https:\/\/skaftfell.is\/wp-content\/smush-webp\/2025\/08\/logos-DR-scaled-1.jpg.webp\" alt=\"\" width=\"573\" height=\"132\" src=\"data:image\/svg+xml;base64,PHN2ZyB3aWR0aD0iMSIgaGVpZ2h0PSIxIiB4bWxucz0iaHR0cDovL3d3dy53My5vcmcvMjAwMC9zdmciPjwvc3ZnPg==\" style=\"--smush-placeholder-width: 573px; --smush-placeholder-aspect-ratio: 573\/132;\" \/><\/figure>\n\n\n\n<p class=\"wp-block-paragraph\">\u00a0<\/p>\n","protected":false},"featured_media":13215,"template":"","meta":{"_acf_changed":false,"wds_primary_exhibition_status":0,"wds_primary_location":0,"footnotes":""},"exhibition_status":[140],"location":[419],"class_list":["post-10916","exhibition","type-exhibition","status-publish","has-post-thumbnail","hentry","exhibition_status-past-exhibitions","location-skaftfell-gallery"],"acf":[],"_links":{"self":[{"href":"https:\/\/skaftfell.is\/is\/wp-json\/wp\/v2\/exhibition\/10916","targetHints":{"allow":["GET"]}}],"collection":[{"href":"https:\/\/skaftfell.is\/is\/wp-json\/wp\/v2\/exhibition"}],"about":[{"href":"https:\/\/skaftfell.is\/is\/wp-json\/wp\/v2\/types\/exhibition"}],"version-history":[{"count":0,"href":"https:\/\/skaftfell.is\/is\/wp-json\/wp\/v2\/exhibition\/10916\/revisions"}],"wp:featuredmedia":[{"embeddable":true,"href":"https:\/\/skaftfell.is\/is\/wp-json\/wp\/v2\/media\/13215"}],"wp:attachment":[{"href":"https:\/\/skaftfell.is\/is\/wp-json\/wp\/v2\/media?parent=10916"}],"wp:term":[{"taxonomy":"exhibition_status","embeddable":true,"href":"https:\/\/skaftfell.is\/is\/wp-json\/wp\/v2\/exhibition_status?post=10916"},{"taxonomy":"location","embeddable":true,"href":"https:\/\/skaftfell.is\/is\/wp-json\/wp\/v2\/location?post=10916"}],"curies":[{"name":"wp","href":"https:\/\/api.w.org\/{rel}","templated":true}]}}

Dieter Roth,  Húsin á Seyðisfirði, vetur 1988 &#8211; sumar 1995

<p class="wp-block-paragraph">Opening 17 June, 17:00-19:00. Angró, Hafnargata, Seyðisförður<br />18.06 &#8211; 01.09. 2019<br />Exhibition open Friday &#8211; Sunday 12:00-18:00</p>



<p class="wp-block-paragraph">Skaftfell with <a href="https://www.tekmus.is/" target="_blank" rel="noreferrer noopener" aria-label="Tækniminjasafns Austurlands (opens in a new tab)">Tækniminjasafns Austurlands</a> and the Dieter Roth Estate will collaborate to re-stage the installation <em>Húsin á Seyðisfirði, vetur 1988 &#8211; sumar 1995</em> at Angró, Seyðisfjörður, the building where the work was first shown in 1995. Dieter Roth has an extensive history with Seyðisfjörður having lived and made work in town for a number of years during the 1990s and his family retains his form home and studio in town.</p>





<p class="wp-block-paragraph">The installation consists of over 800 slides of photographs of every house and building in Seyðisfjörður, taken at two periods: in the winter of 1988 and then in the summer of 1995. The work was realised by Dieter Roth with assistance from Björn Roth and Eggart Einarsson. The work is shown on six slide projectors mounted on individual small tables and projected onto the wall.</p>



<p class="wp-block-paragraph">This significant work of Seyðisfjörður´s cultural history forms a portrait of the town over time, and shows it in a democratized manner whereby every building, regardless of its function or importance, is presented in exactly the same manner. Dieter Roth first showed the work at Angró, and it has subsequently been shown in various galleries and museums around the world, and as part of an exhibition which was formative in the establishment of Skaftfell. Following that exhibition Dieter gifted an edition of the work to the town which has been in the care of Tækniminjasafn Austurland.</p>



<p class="wp-block-paragraph">We are grateful for the support of The Dieter Roth Estate in realising this project.</p>
<p> </p>



<figure class="wp-block-image is-resized">        <img decoding="async" class="wp-image-16877 alignleft lazyload" data-src="https://skaftfell.is/wp-content/smush-webp/2025/08/logo_magenta_en.jpg.webp" alt="" width="224" height="64" src="data:image/svg+xml;base64,PHN2ZyB3aWR0aD0iMSIgaGVpZ2h0PSIxIiB4bWxucz0iaHR0cDovL3d3dy53My5vcmcvMjAwMC9zdmciPjwvc3ZnPg==" style="--smush-placeholder-width: 224px; --smush-placeholder-aspect-ratio: 224/64;" /><img decoding="async" class="wp-image-16867 alignleft lazyload" data-src="https://skaftfell.is/wp-content/smush-webp/2025/08/logos-DR-scaled-1.jpg.webp" alt="" width="573" height="132" src="data:image/svg+xml;base64,PHN2ZyB3aWR0aD0iMSIgaGVpZ2h0PSIxIiB4bWxucz0iaHR0cDovL3d3dy53My5vcmcvMjAwMC9zdmciPjwvc3ZnPg==" style="--smush-placeholder-width: 573px; --smush-placeholder-aspect-ratio: 573/132;" /></figure>



<p class="wp-block-paragraph"> </p>
